{"id":9096,"date":"2026-04-20T17:18:37","date_gmt":"2026-04-20T17:18:37","guid":{"rendered":"https:\/\/www.wahaj.ma\/?page_id=9096"},"modified":"2026-04-22T22:25:10","modified_gmt":"2026-04-22T22:25:10","slug":"sav-support","status":"publish","type":"page","link":"https:\/\/www.wahaj.ma\/?page_id=9096","title":{"rendered":"SAV &#038; Support"},"content":{"rendered":"\t\t<div data-elementor-type=\"wp-page\" data-elementor-id=\"9096\" class=\"elementor elementor-9096\" data-elementor-post-type=\"page\">\n\t\t\t\t<div class=\"elementor-element elementor-element-f28d608 e-flex e-con-boxed ecomus-responsive-column ecomus-tablet-column--default ecomus-responsive-column ecomus-mobile-column--default e-con e-parent\" data-id=\"f28d608\" data-element_type=\"container\" data-e-type=\"container\">\n\t\t\t\t\t<div class=\"e-con-inner\">\n\t\t<div class=\"elementor-element elementor-element-b03315b e-con-full e-flex ecomus-responsive-column ecomus-tablet-column--default ecomus-responsive-column ecomus-mobile-column--default e-con e-child\" data-id=\"b03315b\" data-element_type=\"container\" data-e-type=\"container\">\n\t\t<div class=\"elementor-element elementor-element-1890a22 e-con-full e-flex ecomus-responsive-column ecomus-tablet-column--default ecomus-responsive-column ecomus-mobile-column--default e-con e-child\" data-id=\"1890a22\" data-element_type=\"container\" data-e-type=\"container\">\n\t\t\t\t<div class=\"elementor-element elementor-element-8fcd271 elementor-widget elementor-widget-image\" data-id=\"8fcd271\" data-element_type=\"widget\" data-e-type=\"widget\" data-widget_type=\"image.default\">\n\t\t\t\t\t\t\t\t\t\t\t\t\t\t\t<img fetchpriority=\"high\" decoding=\"async\" width=\"1000\" height=\"791\" src=\"https:\/\/www.wahaj.ma\/wp-content\/uploads\/2026\/04\/fca82c664f8674718dab0b85855501df.jpg\" class=\"attachment-full size-full wp-image-7805\" alt=\"\" srcset=\"https:\/\/www.wahaj.ma\/wp-content\/uploads\/2026\/04\/fca82c664f8674718dab0b85855501df.jpg 1000w, https:\/\/www.wahaj.ma\/wp-content\/uploads\/2026\/04\/fca82c664f8674718dab0b85855501df-300x237.jpg 300w, https:\/\/www.wahaj.ma\/wp-content\/uploads\/2026\/04\/fca82c664f8674718dab0b85855501df-768x607.jpg 768w, https:\/\/www.wahaj.ma\/wp-content\/uploads\/2026\/04\/fca82c664f8674718dab0b85855501df-15x12.jpg 15w, https:\/\/www.wahaj.ma\/wp-content\/uploads\/2026\/04\/fca82c664f8674718dab0b85855501df-600x475.jpg 600w, https:\/\/www.wahaj.ma\/wp-content\/uploads\/2026\/04\/fca82c664f8674718dab0b85855501df-130x103.jpg 130w\" sizes=\"(max-width: 1000px) 100vw, 1000px\" \/>\t\t\t\t\t\t\t\t\t\t\t\t\t\t\t<\/div>\n\t\t\t\t<\/div>\n\t\t<div class=\"elementor-element elementor-element-6b7a19c e-con-full e-flex ecomus-responsive-column ecomus-tablet-column--default ecomus-responsive-column ecomus-mobile-column--default e-con e-child\" data-id=\"6b7a19c\" data-element_type=\"container\" data-e-type=\"container\" data-settings=\"{&quot;background_background&quot;:&quot;classic&quot;}\">\n\t\t\t\t<div class=\"elementor-element elementor-element-91afe6a elementor-widget elementor-widget-ecomus-heading\" data-id=\"91afe6a\" data-element_type=\"widget\" data-e-type=\"widget\" data-widget_type=\"ecomus-heading.default\">\n\t\t\t\t<div class=\"elementor-widget-container\">\n\t\t\t\t\t\t\t<div class=\"ecomus-heading-elementor\">\n\t\t\t\t<h2 class=\"ecomus-heading em-flex em-flex-align-center ecomus-heading--default\">\n\t\t\t\t\t\t\t\t\t\tSupport &amp; SAV\t\t\t\t<\/h2>\n\t\t\t<\/div>\n\t\t\t\t\t\t<\/div>\n\t\t\t\t<\/div>\n\t\t\t\t<div class=\"elementor-element elementor-element-207f8ab elementor-widget elementor-widget-ecomus-heading\" data-id=\"207f8ab\" data-element_type=\"widget\" data-e-type=\"widget\" data-widget_type=\"ecomus-heading.default\">\n\t\t\t\t<div class=\"elementor-widget-container\">\n\t\t\t\t\t\t\t<div class=\"ecomus-heading-elementor\">\n\t\t\t\t<h2 class=\"ecomus-heading em-flex em-flex-align-center ecomus-heading--default\">\n\t\t\t\t\t\t\t\t\t\tUne question technique ou un probl\u00e8me sur votre commande ?\t\t\t\t<\/h2>\n\t\t\t<\/div>\n\t\t\t\t\t\t<\/div>\n\t\t\t\t<\/div>\n\t\t\t\t<div class=\"elementor-element elementor-element-fad313d elementor-widget elementor-widget-ecomus-heading\" data-id=\"fad313d\" data-element_type=\"widget\" data-e-type=\"widget\" data-widget_type=\"ecomus-heading.default\">\n\t\t\t\t<div class=\"elementor-widget-container\">\n\t\t\t\t\t\t\t<div class=\"ecomus-heading-elementor\">\n\t\t\t\t<p class=\"ecomus-heading em-flex em-flex-align-center ecomus-heading--default\">\n\t\t\t\t\t\t\t\t\t\tVous avez achet\u00e9 du mat\u00e9riel chez WAHAJ ou nous avons r\u00e9alis\u00e9 votre installation. Notre \u00e9quipe est disponible pour r\u00e9pondre \u00e0 vos questions techniques, vous accompagner apr\u00e8s installation ou traiter toute demande li\u00e9e \u00e0 votre commande.\t\t\t\t<\/p>\n\t\t\t<\/div>\n\t\t\t\t\t\t<\/div>\n\t\t\t\t<\/div>\n\t\t\t\t<div class=\"elementor-element elementor-element-8576f05 elementor-widget elementor-widget-ecomus-button\" data-id=\"8576f05\" data-element_type=\"widget\" data-e-type=\"widget\" data-widget_type=\"ecomus-button.default\">\n\t\t\t\t<div class=\"elementor-widget-container\">\n\t\t\t\t\t\t\t<a href=\"#\" class=\"ecomus-button-link ecomus-button em-button em-button-hover-eff\">\r\n\t\t\t\t\t\t\t\t\t<span class=\"ecomus-button-text\">Nous contacter<\/span>\t\t<\/a>\r\n\t\t\t\t\t\t<\/div>\n\t\t\t\t<\/div>\n\t\t\t\t<\/div>\n\t\t\t\t<\/div>\n\t\t\t\t\t<\/div>\n\t\t\t\t<\/div>\n\t\t<div class=\"elementor-element elementor-element-a0e29eb e-flex e-con-boxed ecomus-responsive-column ecomus-tablet-column--default ecomus-responsive-column ecomus-mobile-column--default e-con e-parent\" data-id=\"a0e29eb\" data-element_type=\"container\" data-e-type=\"container\" data-settings=\"{&quot;background_background&quot;:&quot;classic&quot;}\">\n\t\t\t\t\t<div class=\"e-con-inner\">\n\t\t<div class=\"elementor-element elementor-element-b3302ba e-con-full e-flex ecomus-responsive-column ecomus-tablet-column--default ecomus-responsive-column ecomus-mobile-column--default e-con e-child\" data-id=\"b3302ba\" data-element_type=\"container\" data-e-type=\"container\">\n\t\t\t\t<div class=\"elementor-element elementor-element-99efdfd elementor-widget elementor-widget-ecomus-contact-form\" data-id=\"99efdfd\" data-element_type=\"widget\" data-e-type=\"widget\" data-widget_type=\"ecomus-contact-form.default\">\n\t\t\t\t<div class=\"elementor-widget-container\">\n\t\t\t\t\t\t\t<div class=\"ecomus-contact-form ecomus-custom-button--skin\">\n\t\t\t\n<div class=\"wpcf7 no-js\" id=\"wpcf7-f9130-o1\" lang=\"fr-FR\" dir=\"ltr\" data-wpcf7-id=\"9130\">\n<div class=\"screen-reader-response\"><p role=\"status\" aria-live=\"polite\" aria-atomic=\"true\"><\/p> <ul><\/ul><\/div>\n<form action=\"\/index.php?rest_route=%2Fwp%2Fv2%2Fpages%2F9096#wpcf7-f9130-o1\" method=\"post\" class=\"wpcf7-form init\" aria-label=\"Formulaire de contact\" novalidate=\"novalidate\" data-status=\"init\">\n<fieldset class=\"hidden-fields-container\"><input type=\"hidden\" name=\"_wpcf7\" value=\"9130\" \/><input type=\"hidden\" name=\"_wpcf7_version\" value=\"6.1.5\" \/><input type=\"hidden\" name=\"_wpcf7_locale\" value=\"fr_FR\" \/><input type=\"hidden\" name=\"_wpcf7_unit_tag\" value=\"wpcf7-f9130-o1\" \/><input type=\"hidden\" name=\"_wpcf7_container_post\" value=\"0\" \/><input type=\"hidden\" name=\"_wpcf7_posted_data_hash\" value=\"\" \/>\n<\/fieldset>\n<div class=\"wk-form\">\n\t<div class=\"wk-section-title\">\n\t\t<p>Votre demande\n\t\t<\/p>\n\t<\/div>\n\t<div class=\"wk-row\">\n\t\t<div class=\"wk-col\">\n\t\t\t<p><label class=\"wk-label\">Nature de la demande <span class=\"wk-req\">*<\/span><\/label><br \/>\n<span class=\"wpcf7-form-control-wrap\" data-name=\"nature\"><select class=\"wpcf7-form-control wpcf7-select wpcf7-validates-as-required wk-select\" aria-required=\"true\" aria-invalid=\"false\" name=\"nature\"><option value=\"S\u00e9lectionnez...\">S\u00e9lectionnez...<\/option><option value=\"Question sur un produit achet\u00e9\">Question sur un produit achet\u00e9<\/option><option value=\"Assistance technique post-installation\">Assistance technique post-installation<\/option><option value=\"Demande de maintenance\">Demande de maintenance<\/option><option value=\"Signalement de panne ou anomalie\">Signalement de panne ou anomalie<\/option><option value=\"Demande li\u00e9e \u00e0 ma commande\">Demande li\u00e9e \u00e0 ma commande<\/option><option value=\"Autre\">Autre<\/option><\/select><\/span>\n\t\t\t<\/p>\n\t\t<\/div>\n\t\t<div class=\"wk-col\">\n\t\t\t<p><label class=\"wk-label\">\u00c9quipement concern\u00e9<\/label><br \/>\n<span class=\"wpcf7-form-control-wrap\" data-name=\"equipement\"><select class=\"wpcf7-form-control wpcf7-select wk-select\" aria-invalid=\"false\" name=\"equipement\"><option value=\"Non applicable\">Non applicable<\/option><option value=\"Panneaux solaires\">Panneaux solaires<\/option><option value=\"Onduleur\">Onduleur<\/option><option value=\"Batterie de stockage\">Batterie de stockage<\/option><option value=\"Borne de recharge VE\">Borne de recharge VE<\/option><option value=\"Syst\u00e8me complet\">Syst\u00e8me complet<\/option><option value=\"Autre\">Autre<\/option><\/select><\/span>\n\t\t\t<\/p>\n\t\t<\/div>\n\t<\/div>\n\t<div class=\"wk-col-full\">\n\t\t<p><label class=\"wk-label\">Description du probl\u00e8me ou de la demande <span class=\"wk-req\">*<\/span><\/label><br \/>\n<span class=\"wpcf7-form-control-wrap\" data-name=\"description\"><textarea cols=\"40\" rows=\"10\" maxlength=\"2000\" class=\"wpcf7-form-control wpcf7-textarea wk-textarea\" aria-invalid=\"false\" placeholder=\"D\u00e9crivez votre question ou probl\u00e8me. Si possible : marque, mod\u00e8le et message d&#039;erreur affich\u00e9.\" name=\"description\"><\/textarea><\/span>\n\t\t<\/p>\n\t<\/div>\n\t<div class=\"wk-section-title\">\n\t\t<p>Vos coordonn\u00e9es\n\t\t<\/p>\n\t<\/div>\n\t<div class=\"wk-row\">\n\t\t<div class=\"wk-col\">\n\t\t\t<p><label class=\"wk-label\">Nom ou entreprise <span class=\"wk-req\">*<\/span><\/label><br \/>\n<span class=\"wpcf7-form-control-wrap\" data-name=\"nom\"><input size=\"40\" maxlength=\"400\" class=\"wpcf7-form-control wpcf7-text wpcf7-validates-as-required wk-input\" aria-required=\"true\" aria-invalid=\"false\" placeholder=\"Votre nom ou raison sociale\" value=\"\" type=\"text\" name=\"nom\" \/><\/span>\n\t\t\t<\/p>\n\t\t<\/div>\n\t\t<div class=\"wk-col\">\n\t\t\t<p><label class=\"wk-label\">T\u00e9l\u00e9phone WhatsApp <span class=\"wk-req\">*<\/span><\/label><br \/>\n<span class=\"wpcf7-form-control-wrap\" data-name=\"telephone\"><input size=\"40\" maxlength=\"400\" class=\"wpcf7-form-control wpcf7-tel wpcf7-validates-as-required wpcf7-text wpcf7-validates-as-tel wk-input\" aria-required=\"true\" aria-invalid=\"false\" placeholder=\"+212 6XX XXX XXX\" value=\"\" type=\"tel\" name=\"telephone\" \/><\/span>\n\t\t\t<\/p>\n\t\t<\/div>\n\t<\/div>\n\t<div class=\"wk-col-full\">\n\t\t<p><label class=\"wk-label\">Email<\/label><br \/>\n<span class=\"wpcf7-form-control-wrap\" data-name=\"email\"><input size=\"40\" maxlength=\"400\" class=\"wpcf7-form-control wpcf7-email wpcf7-text wpcf7-validates-as-email wk-input\" aria-invalid=\"false\" placeholder=\"votre@email.com\" value=\"\" type=\"email\" name=\"email\" \/><\/span>\n\t\t<\/p>\n\t<\/div>\n\t<div class=\"wk-section-title wk-section-title--black\">\n\t\t<p>Confidentialit\u00e9\n\t\t<\/p>\n\t<\/div>\n\t<div class=\"wk-privacy-block\">\n\t\t<div class=\"wk-privacy-inner\">\n\t\t\t<p><span class=\"wpcf7-form-control-wrap\" data-name=\"rgpd\"><span class=\"wpcf7-form-control wpcf7-acceptance\"><span class=\"wpcf7-list-item\"><input type=\"checkbox\" name=\"rgpd\" value=\"1\" class=\"wk-checkbox\" aria-invalid=\"false\" \/><\/span><\/span><\/span><br \/>\n<span class=\"wk-privacy-text\">J'accepte que WAHAJ traite mes donn\u00e9es personnelles dans le cadre de ma demande de support. Ces donn\u00e9es sont utilis\u00e9es uniquement pour traiter ma demande et ne sont pas transmises \u00e0 des tiers. Conform\u00e9ment \u00e0 la <strong>Loi 09-08<\/strong>, vous disposez d'un droit d'acc\u00e8s, de rectification et de suppression. <a href=\"\/politique-de-confidentialite\/\" class=\"wk-privacy-link\">Politique de confidentialit\u00e9<\/a> \u2014 <a href=\"\/ccu\/\" class=\"wk-privacy-link\">CGU<\/a> \u2014 <a href=\"\/cgv\/\" class=\"wk-privacy-link\">CGV<\/a><\/span>\n\t\t\t<\/p>\n\t\t<\/div>\n\t<\/div>\n\t<p><input class=\"wpcf7-form-control wpcf7-submit has-spinner wk-submit\" type=\"submit\" value=\"Envoyer ma demande\" \/>\n\t<\/p>\n\t<p class=\"wk-footnote\">Les champs marqu\u00e9s d'un <span class=\"wk-req\">*<\/span> sont obligatoires.\n\t<\/p>\n<\/div><div class=\"wpcf7-response-output\" aria-hidden=\"true\"><\/div>\n<\/form>\n<\/div>\n\t\t<\/div>\n\t\t\t\t\t\t<\/div>\n\t\t\t\t<\/div>\n\t\t\t\t<\/div>\n\t\t<div class=\"elementor-element elementor-element-58f5ac2 e-con-full e-flex ecomus-responsive-column ecomus-tablet-column--default ecomus-responsive-column ecomus-mobile-column--default e-con e-child\" data-id=\"58f5ac2\" data-element_type=\"container\" data-e-type=\"container\" data-settings=\"{&quot;background_background&quot;:&quot;classic&quot;}\">\n\t\t\t\t<div class=\"elementor-element elementor-element-b5c0210 elementor-widget elementor-widget-ecomus-heading\" data-id=\"b5c0210\" data-element_type=\"widget\" data-e-type=\"widget\" data-widget_type=\"ecomus-heading.default\">\n\t\t\t\t<div class=\"elementor-widget-container\">\n\t\t\t\t\t\t\t<div class=\"ecomus-heading-elementor\">\n\t\t\t\t<h5 class=\"ecomus-heading em-flex em-flex-align-center ecomus-heading--default\">\n\t\t\t\t\t\t\t\t\t\tContact direct\t\t\t\t<\/h5>\n\t\t\t<\/div>\n\t\t\t\t\t\t<\/div>\n\t\t\t\t<\/div>\n\t\t\t\t<div class=\"elementor-element elementor-element-33ba2cf elementor-widget elementor-widget-text-editor\" data-id=\"33ba2cf\" data-element_type=\"widget\" data-e-type=\"widget\" data-widget_type=\"text-editor.default\">\n\t\t\t\t\t\t\t\t\t<p class=\"font-claude-response-body break-words whitespace-normal leading-[1.7]\"><strong>WhatsApp<\/strong> \u2014 Envoyez photos et captures d&#8217;\u00e9cran pour un diagnostic rapide\u00a0<\/p><p class=\"font-claude-response-body break-words whitespace-normal leading-[1.7]\"><strong>Email<\/strong> \u2014 Pour les demandes avec pi\u00e8ces jointes<\/p>\t\t\t\t\t\t\t\t<\/div>\n\t\t<div class=\"elementor-element elementor-element-e429096 e-con-full e-flex ecomus-responsive-column ecomus-tablet-column--default ecomus-responsive-column ecomus-mobile-column--default e-con e-child\" data-id=\"e429096\" data-element_type=\"container\" data-e-type=\"container\">\n\t\t\t\t<div class=\"elementor-element elementor-element-2dd1213 elementor-widget elementor-widget-ecomus-button\" data-id=\"2dd1213\" data-element_type=\"widget\" data-e-type=\"widget\" data-widget_type=\"ecomus-button.default\">\n\t\t\t\t<div class=\"elementor-widget-container\">\n\t\t\t\t\t\t\t<a href=\"mailto:contact@wahaj.ma\" class=\"ecomus-button-link ecomus-button em-button em-button-hover-eff\">\r\n\t\t\t\t\t\t\t\t\t<span class=\"ecomus-button-text\">\u00c9crire un email<\/span>\t\t<\/a>\r\n\t\t\t\t\t\t<\/div>\n\t\t\t\t<\/div>\n\t\t\t\t<div class=\"elementor-element elementor-element-ed3dfa9 elementor-widget elementor-widget-ecomus-button\" data-id=\"ed3dfa9\" data-element_type=\"widget\" data-e-type=\"widget\" data-widget_type=\"ecomus-button.default\">\n\t\t\t\t<div class=\"elementor-widget-container\">\n\t\t\t\t\t\t\t<a href=\"https:\/\/wa.me\/212660500110?text=Bonjour%20WAHAJ%2C%20j%27ai%20besoin%20d%27une%20assistance%20technique.\" class=\"ecomus-button-link ecomus-button em-button em-button-subtle em-button-icon-alway\" target=\"_blank\" rel=\"noopener\">\r\n\t\t\t<span class=\"ecomus-button-text\">Ouvrir WhatsApp<\/span>\t\t\t\t\t\t\t\t\t\t\t\t<span class=\"ecomus-svg-icon ecomus-align-icon-right\">\r\n\t\t\t\t\t\t<svg xmlns=\"http:\/\/www.w3.org\/2000\/svg\" width=\"32\" height=\"32\" viewBox=\"0 0 32 32\"><path d=\"M3.446 32l-3.446-3.446 23.631-23.631h-21.169v-4.923h29.538v29.538h-4.923v-21.169l-23.631 23.631z\"><\/path><\/svg>\t\t\t\t\t<\/span>\r\n\t\t\t\t\t\t\t\t\t\t\t\t<\/a>\r\n\t\t\t\t\t\t<\/div>\n\t\t\t\t<\/div>\n\t\t\t\t<\/div>\n\t\t\t\t<\/div>\n\t\t\t\t\t<\/div>\n\t\t\t\t<\/div>\n\t\t<div class=\"elementor-element elementor-element-bc79696 e-flex e-con-boxed ecomus-responsive-column ecomus-tablet-column--default ecomus-responsive-column ecomus-mobile-column--default e-con e-parent\" data-id=\"bc79696\" data-element_type=\"container\" data-e-type=\"container\" data-settings=\"{&quot;background_background&quot;:&quot;classic&quot;}\">\n\t\t\t\t\t<div class=\"e-con-inner\">\n\t\t<div class=\"elementor-element elementor-element-cde46c9 e-con-full e-flex ecomus-responsive-column ecomus-tablet-column--default ecomus-responsive-column ecomus-mobile-column--default e-con e-child\" data-id=\"cde46c9\" data-element_type=\"container\" data-e-type=\"container\">\n\t\t<div class=\"elementor-element elementor-element-0d4789e e-con-full e-flex ecomus-responsive-column ecomus-tablet-column--default ecomus-responsive-column ecomus-mobile-column--default e-con e-child\" data-id=\"0d4789e\" data-element_type=\"container\" data-e-type=\"container\" data-settings=\"{&quot;background_background&quot;:&quot;classic&quot;}\">\n\t\t\t\t<div class=\"elementor-element elementor-element-462d274 elementor-widget elementor-widget-ecomus-heading\" data-id=\"462d274\" data-element_type=\"widget\" data-e-type=\"widget\" data-widget_type=\"ecomus-heading.default\">\n\t\t\t\t<div class=\"elementor-widget-container\">\n\t\t\t\t\t\t\t<div class=\"ecomus-heading-elementor\">\n\t\t\t\t<h2 class=\"ecomus-heading em-flex em-flex-align-center ecomus-heading--default\">\n\t\t\t\t\t\t\t\t\t\tContacts directs de certains fabricants:\t\t\t\t<\/h2>\n\t\t\t<\/div>\n\t\t\t\t\t\t<\/div>\n\t\t\t\t<\/div>\n\t\t\t\t<div class=\"elementor-element elementor-element-f3a77cf elementor-widget elementor-widget-text-editor\" data-id=\"f3a77cf\" data-element_type=\"widget\" data-e-type=\"widget\" data-widget_type=\"text-editor.default\">\n\t\t\t\t\t\t\t\t\t<p>Pour toute question li\u00e9e \u00e0 la configuration logicielle, aux mises \u00e0 jour de firmware ou pour l&#8217;ouverture d&#8217;un dossier de garantie (RMA), le contact direct avec le fabricant est la m\u00e9thode la plus rapide. <b data-path-to-node=\"5\" data-index-in-node=\"204\">Note :<\/b> Avant de les solliciter, munissez-vous du <b data-path-to-node=\"5\" data-index-in-node=\"253\">num\u00e9ro de s\u00e9rie (S\/N)<\/b> de votre \u00e9quipement.\u00a0<\/p><div class=\"horizontal-scroll-wrapper\"><table data-path-to-node=\"7\"><thead><tr><td><strong>Fabricant<\/strong><\/td><td><strong>Sp\u00e9cialit\u00e9<\/strong><\/td><td><strong>Support Email<\/strong><\/td><td><strong>Portail Web Officiel<\/strong><\/td><\/tr><\/thead><tbody><tr><td><span data-path-to-node=\"7,1,0,0\"><b data-path-to-node=\"7,1,0,0\" data-index-in-node=\"0\">Huawei<\/b><\/span><\/td><td><span data-path-to-node=\"7,1,1,0\">Solaire &amp; Stockage<\/span><\/td><td><span data-path-to-node=\"7,1,2,0\"><code data-path-to-node=\"7,1,2,0\" data-index-in-node=\"0\">eu_inverter_support@huawei.com<\/code><\/span><\/td><td><span data-path-to-node=\"7,1,3,0\"><a class=\"ng-star-inserted\" href=\"https:\/\/www.google.com\/search?q=https:\/\/solar.huawei.com\/support&amp;authuser=2\" target=\"_blank\" rel=\"noopener\" data-hveid=\"0\" data-ved=\"0CAAQ_4QMahgKEwjx8aKu_P-TAxUAAAAAHQAAAAAQ7AQ\">solar.huawei.com\/support<\/a><\/span><\/td><\/tr><tr><td><span data-path-to-node=\"7,2,0,0\"><b data-path-to-node=\"7,2,0,0\" data-index-in-node=\"0\">Huawei<\/b><\/span><\/td><td>Bornes de recharge EV<\/td><td><span data-path-to-node=\"7,2,2,0\"><code data-path-to-node=\"7,2,2,0\" data-index-in-node=\"0\">eu_ev_charger@huawei.com<\/code><\/span><\/td><td><span data-path-to-node=\"7,2,3,0\"><a class=\"ng-star-inserted\" href=\"https:\/\/www.google.com\/search?q=https:\/\/solar.huawei.com\/support&amp;authuser=2\" target=\"_blank\" rel=\"noopener\" data-hveid=\"0\" data-ved=\"0CAAQ_4QMahgKEwjx8aKu_P-TAxUAAAAAHQAAAAAQ7QQ\">FusionSolar Support<\/a><\/span><\/td><\/tr><tr><td><span data-path-to-node=\"7,3,0,0\"><b data-path-to-node=\"7,3,0,0\" data-index-in-node=\"0\">Victron Energy<\/b><\/span><\/td><td><span data-path-to-node=\"7,3,1,0\">Syst\u00e8mes Autonomes<\/span><\/td><td><span data-path-to-node=\"7,3,2,0\"><code data-path-to-node=\"7,3,2,0\" data-index-in-node=\"0\">service@victronenergy.com<\/code><\/span><\/td><td><span data-path-to-node=\"7,3,3,0\"><a class=\"ng-star-inserted\" href=\"https:\/\/www.victronenergy.com\/support\" target=\"_blank\" rel=\"noopener\" data-hveid=\"0\" data-ved=\"0CAAQ_4QMahgKEwjx8aKu_P-TAxUAAAAAHQAAAAAQ7gQ\">victronenergy.com\/support<\/a><\/span><\/td><\/tr><tr><td><span data-path-to-node=\"7,4,0,0\"><b data-path-to-node=\"7,4,0,0\" data-index-in-node=\"0\">SMA Solar<\/b><\/span><\/td><td>Onduleurs &amp; EV<\/td><td><span data-path-to-node=\"7,4,2,0\"><code data-path-to-node=\"7,4,2,0\" data-index-in-node=\"0\">service@sma.de<\/code><\/span><\/td><td><span data-path-to-node=\"7,4,3,0\"><a class=\"ng-star-inserted\" href=\"https:\/\/www.sma-service.com\" target=\"_blank\" rel=\"noopener\" data-hveid=\"0\" data-ved=\"0CAAQ_4QMahgKEwjx8aKu_P-TAxUAAAAAHQAAAAAQ7wQ\">sma-service.com<\/a><\/span><\/td><\/tr><tr><td><span data-path-to-node=\"7,5,0,0\"><b data-path-to-node=\"7,5,0,0\" data-index-in-node=\"0\">Deye<\/b><\/span><\/td><td><span data-path-to-node=\"7,5,1,0\">Hybride &amp; Stockage<\/span><\/td><td><span data-path-to-node=\"7,5,2,0\"><code data-path-to-node=\"7,5,2,0\" data-index-in-node=\"0\">service@deye.com.cn<\/code><\/span><\/td><td><span data-path-to-node=\"7,5,3,0\"><a class=\"ng-star-inserted\" href=\"https:\/\/www.deyeinverter.com\/contact\/\" target=\"_blank\" rel=\"noopener\" data-hveid=\"0\" data-ved=\"0CAAQ_4QMahgKEwjx8aKu_P-TAxUAAAAAHQAAAAAQ8AQ\">deyeinverter.com\/contact<\/a><\/span><\/td><\/tr><tr><td><span data-path-to-node=\"7,6,0,0\"><b data-path-to-node=\"7,6,0,0\" data-index-in-node=\"0\">Sungrow<\/b><\/span><\/td><td>Solaire &amp; EV Charging<\/td><td><span data-path-to-node=\"7,6,2,0\"><code data-path-to-node=\"7,6,2,0\" data-index-in-node=\"0\">service@sungrow-emea.com<\/code><\/span><\/td><td><span data-path-to-node=\"7,6,3,0\"><a class=\"ng-star-inserted\" href=\"https:\/\/www.google.com\/search?q=https:\/\/service.sungrowpower.com&amp;authuser=2\" target=\"_blank\" rel=\"noopener\" data-hveid=\"0\" data-ved=\"0CAAQ_4QMahgKEwjx8aKu_P-TAxUAAAAAHQAAAAAQ8QQ\">service.sungrowpower.com<\/a><\/span><\/td><\/tr><tr><td><span data-path-to-node=\"7,7,0,0\"><b data-path-to-node=\"7,7,0,0\" data-index-in-node=\"0\">Wallbox<\/b><\/span><\/td><td>Bornes de recharge EV<\/td><td><span data-path-to-node=\"7,7,2,0\"><code data-path-to-node=\"7,7,2,0\" data-index-in-node=\"0\">service@wallbox.com<\/code><\/span><\/td><td><span data-path-to-node=\"7,7,3,0\"><a class=\"ng-star-inserted\" href=\"https:\/\/support.wallbox.com\" target=\"_blank\" rel=\"noopener\" data-hveid=\"0\" data-ved=\"0CAAQ_4QMahgKEwjx8aKu_P-TAxUAAAAAHQAAAAAQ8gQ\">support.wallbox.com<\/a><\/span><\/td><\/tr><tr><td><span data-path-to-node=\"7,8,0,0\"><b data-path-to-node=\"7,8,0,0\" data-index-in-node=\"0\">Jinko Solar<\/b><\/span><\/td><td><span data-path-to-node=\"7,8,1,0\">Modules Photovolta\u00efques<\/span><\/td><td><span data-path-to-node=\"7,8,2,0\"><code data-path-to-node=\"7,8,2,0\" data-index-in-node=\"0\">eu_service@jinkosolar.com<\/code><\/span><\/td><td><span data-path-to-node=\"7,8,3,0\"><a class=\"ng-star-inserted\" href=\"https:\/\/www.google.com\/search?q=https:\/\/www.jinkosolar.com\/en\/site\/technical&amp;authuser=2\" target=\"_blank\" rel=\"noopener\" data-hveid=\"0\" data-ved=\"0CAAQ_4QMahgKEwjx8aKu_P-TAxUAAAAAHQAAAAAQ8wQ\">jinkosolar.com\/technical<\/a><\/span><\/td><\/tr><tr><td><span data-path-to-node=\"7,9,0,0\"><b data-path-to-node=\"7,9,0,0\" data-index-in-node=\"0\">JA Solar<\/b><\/span><\/td><td><span data-path-to-node=\"7,9,1,0\">Modules Photovolta\u00efques<\/span><\/td><td><span data-path-to-node=\"7,9,2,0\"><code data-path-to-node=\"7,9,2,0\" data-index-in-node=\"0\">technical@jasolar.com<\/code><\/span><\/td><td><span data-path-to-node=\"7,9,3,0\"><a class=\"ng-star-inserted\" href=\"https:\/\/www.google.com\/search?q=https:\/\/www.jasolar.com\/html\/en\/support\/&amp;authuser=2\" target=\"_blank\" rel=\"noopener\" data-hveid=\"0\" data-ved=\"0CAAQ_4QMahgKEwjx8aKu_P-TAxUAAAAAHQAAAAAQ9AQ\">jasolar.com\/support<\/a><\/span><\/td><\/tr><\/tbody><\/table><\/div>\t\t\t\t\t\t\t\t<\/div>\n\t\t\t\t<\/div>\n\t\t\t\t<\/div>\n\t\t\t\t\t<\/div>\n\t\t\t\t<\/div>\n\t\t\t\t<\/div>\n\t\t","protected":false},"excerpt":{"rendered":"<p>Support &amp; SAV Une question technique ou un probl\u00e8me sur votre commande ? Vous avez achet\u00e9 du mat\u00e9riel chez WAHAJ ou nous avons r\u00e9alis\u00e9 votre installation. Notre \u00e9quipe est disponible pour r\u00e9pondre \u00e0 vos questions techniques, vous accompagner apr\u00e8s installation ou traiter toute demande li\u00e9e \u00e0 votre commande. Nous contacter Votre demande Nature de la [&hellip;]<\/p>\n","protected":false},"author":1,"featured_media":0,"parent":0,"menu_order":0,"comment_status":"closed","ping_status":"closed","template":"","meta":{"_acf_changed":false,"footnotes":""},"class_list":["post-9096","page","type-page","status-publish","hentry"],"acf":[],"_links":{"self":[{"href":"https:\/\/www.wahaj.ma\/index.php?rest_route=\/wp\/v2\/pages\/9096","targetHints":{"allow":["GET"]}}],"collection":[{"href":"https:\/\/www.wahaj.ma\/index.php?rest_route=\/wp\/v2\/pages"}],"about":[{"href":"https:\/\/www.wahaj.ma\/index.php?rest_route=\/wp\/v2\/types\/page"}],"author":[{"embeddable":true,"href":"https:\/\/www.wahaj.ma\/index.php?rest_route=\/wp\/v2\/users\/1"}],"replies":[{"embeddable":true,"href":"https:\/\/www.wahaj.ma\/index.php?rest_route=%2Fwp%2Fv2%2Fcomments&post=9096"}],"version-history":[{"count":64,"href":"https:\/\/www.wahaj.ma\/index.php?rest_route=\/wp\/v2\/pages\/9096\/revisions"}],"predecessor-version":[{"id":9312,"href":"https:\/\/www.wahaj.ma\/index.php?rest_route=\/wp\/v2\/pages\/9096\/revisions\/9312"}],"wp:attachment":[{"href":"https:\/\/www.wahaj.ma\/index.php?rest_route=%2Fwp%2Fv2%2Fmedia&parent=9096"}],"curies":[{"name":"wp","href":"https:\/\/api.w.org\/{rel}","templated":true}]}}