{"id":8370,"date":"2026-04-17T15:59:34","date_gmt":"2026-04-17T15:59:34","guid":{"rendered":"https:\/\/www.wahaj.ma\/?page_id=8370"},"modified":"2026-04-17T16:03:42","modified_gmt":"2026-04-17T16:03:42","slug":"politique-de-confidentialite","status":"publish","type":"page","link":"https:\/\/www.wahaj.ma\/?page_id=8370","title":{"rendered":"Politique de confidentialit\u00e9"},"content":{"rendered":"\t\t<div data-elementor-type=\"wp-page\" data-elementor-id=\"8370\" class=\"elementor elementor-8370\" data-elementor-post-type=\"page\">\n\t\t\t\t<div class=\"elementor-element elementor-element-f0c432e e-flex e-con-boxed ecomus-responsive-column ecomus-tablet-column--default ecomus-responsive-column ecomus-mobile-column--default e-con e-parent\" data-id=\"f0c432e\" data-element_type=\"container\" data-e-type=\"container\">\n\t\t\t\t\t<div class=\"e-con-inner\">\n\t\t<div class=\"elementor-element elementor-element-6373f55 e-con-full e-flex ecomus-responsive-column ecomus-tablet-column--default ecomus-responsive-column ecomus-mobile-column--default e-con e-child\" data-id=\"6373f55\" data-element_type=\"container\" data-e-type=\"container\">\n\t\t\t\t<\/div>\n\t\t<div class=\"elementor-element elementor-element-20b2d96 e-con-full e-flex ecomus-responsive-column ecomus-tablet-column--default ecomus-responsive-column ecomus-mobile-column--default e-con e-child\" data-id=\"20b2d96\" data-element_type=\"container\" data-e-type=\"container\">\n\t\t\t\t<div class=\"elementor-element elementor-element-22906db elementor-widget elementor-widget-text-editor\" data-id=\"22906db\" data-element_type=\"widget\" data-e-type=\"widget\" data-widget_type=\"text-editor.default\">\n\t\t\t\t\t\t\t\t\t<h5>Article 1 \u2014 Engagement<\/h5><p>WAHAJ Energy s\u2019engage \u00e0 prot\u00e9ger les donn\u00e9es personnelles conform\u00e9ment \u00e0 la l\u00e9gislation applicable.<\/p><h5>Article 2 \u2014 Donn\u00e9es collect\u00e9es<\/h5><p>Les donn\u00e9es collect\u00e9es peuvent inclure :<\/p><ul><li><p>identit\u00e9<\/p><\/li><li><p>coordonn\u00e9es<\/p><\/li><li><p>informations techniques li\u00e9es aux projets<\/p><\/li><\/ul><h5>Article 3 \u2014 Finalit\u00e9s<\/h5><p>Les donn\u00e9es sont utilis\u00e9es pour :<\/p><ul><li><p>traiter les demandes<\/p><\/li><li><p>g\u00e9rer les projets<\/p><\/li><li><p>am\u00e9liorer les services<\/p><\/li><li><p>assurer le suivi commercial<\/p><\/li><\/ul><h5>Article 4 \u2014 Base l\u00e9gale<\/h5><p>Le traitement repose sur :<\/p><ul><li><p>le consentement<\/p><\/li><li><p>la relation contractuelle<\/p><\/li><\/ul><h5>Article 5 \u2014 Conservation<\/h5><p>Les donn\u00e9es sont conserv\u00e9es pendant une dur\u00e9e proportionn\u00e9e aux finalit\u00e9s du traitement.<\/p><h5>Article 6 \u2014 Partage<\/h5><p>Les donn\u00e9es peuvent \u00eatre transmises \u00e0 des partenaires techniques ou prestataires dans le cadre des projets.<\/p><h5>Article 7 \u2014 S\u00e9curit\u00e9<\/h5><p>WAHAJ met en place des mesures techniques et organisationnelles pour prot\u00e9ger les donn\u00e9es.<\/p><h5>Article 8 \u2014 Droits des utilisateurs<\/h5><p>L\u2019utilisateur dispose des droits d\u2019acc\u00e8s, de rectification et de suppression de ses donn\u00e9es.<\/p><h5>Article 9 \u2014 Cookies<\/h5><p>Le site peut utiliser des cookies pour am\u00e9liorer l\u2019exp\u00e9rience utilisateur et analyser l\u2019utilisation du site.<\/p><h5>Article 10 \u2014 Contact<\/h5><p>Toute demande relative aux donn\u00e9es personnelles peut \u00eatre effectu\u00e9e via le site WAHAJ Energy.<\/p>\t\t\t\t\t\t\t\t<\/div>\n\t\t\t\t<\/div>\n\t\t<div class=\"elementor-element elementor-element-20dc6ac e-con-full e-flex ecomus-responsive-column ecomus-tablet-column--default ecomus-responsive-column ecomus-mobile-column--default e-con e-child\" data-id=\"20dc6ac\" data-element_type=\"container\" data-e-type=\"container\">\n\t\t\t\t<\/div>\n\t\t\t\t\t<\/div>\n\t\t\t\t<\/div>\n\t\t\t\t<\/div>\n\t\t","protected":false},"excerpt":{"rendered":"<p>Article 1 \u2014 Engagement WAHAJ Energy s\u2019engage \u00e0 prot\u00e9ger les donn\u00e9es personnelles conform\u00e9ment \u00e0 la l\u00e9gislation applicable. Article 2 \u2014 Donn\u00e9es collect\u00e9es Les donn\u00e9es collect\u00e9es peuvent inclure : identit\u00e9 coordonn\u00e9es informations techniques li\u00e9es aux projets Article 3 \u2014 Finalit\u00e9s Les donn\u00e9es sont utilis\u00e9es pour : traiter les demandes g\u00e9rer les projets am\u00e9liorer les services assurer [&hellip;]<\/p>\n","protected":false},"author":1,"featured_media":0,"parent":0,"menu_order":0,"comment_status":"closed","ping_status":"closed","template":"","meta":{"_acf_changed":false,"footnotes":""},"class_list":["post-8370","page","type-page","status-publish","hentry"],"acf":[],"_links":{"self":[{"href":"https:\/\/www.wahaj.ma\/index.php?rest_route=\/wp\/v2\/pages\/8370","targetHints":{"allow":["GET"]}}],"collection":[{"href":"https:\/\/www.wahaj.ma\/index.php?rest_route=\/wp\/v2\/pages"}],"about":[{"href":"https:\/\/www.wahaj.ma\/index.php?rest_route=\/wp\/v2\/types\/page"}],"author":[{"embeddable":true,"href":"https:\/\/www.wahaj.ma\/index.php?rest_route=\/wp\/v2\/users\/1"}],"replies":[{"embeddable":true,"href":"https:\/\/www.wahaj.ma\/index.php?rest_route=%2Fwp%2Fv2%2Fcomments&post=8370"}],"version-history":[{"count":8,"href":"https:\/\/www.wahaj.ma\/index.php?rest_route=\/wp\/v2\/pages\/8370\/revisions"}],"predecessor-version":[{"id":8380,"href":"https:\/\/www.wahaj.ma\/index.php?rest_route=\/wp\/v2\/pages\/8370\/revisions\/8380"}],"wp:attachment":[{"href":"https:\/\/www.wahaj.ma\/index.php?rest_route=%2Fwp%2Fv2%2Fmedia&parent=8370"}],"curies":[{"name":"wp","href":"https:\/\/api.w.org\/{rel}","templated":true}]}}